be -27*((-2)/18)/((-1)/3). Let g be z - 900/(-10) - 4. What is the greatest common factor of 2 and g?
1
Suppose 4*z - 619 = -4*c - 219, -5*z = -c + 130. Let o = c - 57. What is the highest common divisor of o and 36?
12
Let g(i) = i**3 + 5*i**2 - 2*i - 3. Let f be g(-5). Suppose -f*k = -3*k - 72. Let y = -39935 - -40079. Calculate the highest common divisor of y and k.
18
Let h = -21 - -26. Suppose -29 = -b - 5*j, -2*b = -h*j + 3*j - 10. Suppose 0 = 3*p + s - 61, 10 + b = p + s. What is the highest common factor of 168 and p?
21
Let h = 13 - 9. Let j(b) = 182*b**2 + 10*b. Let l be j(1). Suppose 0*r - h*r = -l. Calculate the greatest common factor of 48 and r.
48
Let x = 133 + -131. Suppose 0 = -3*c - x*c + 20. Calculate the greatest common factor of c and 34.
2
Let o = -1170 + 1310. Let n(m) = m + 4. Let w be n(16). What is the highest common divisor of w and o?
20
Suppose 16 = 2*o - 72. Let a be o/(-4) + 13 - (-5 + 0). What is the highest common factor of a and 112?
7
Let g(f) = -f**2 + 33*f + 38. Let r be g(33). Suppose -5*k = 3*v - r, 0 = -4*k + v + 3*v + 24. What is the greatest common divisor of k and 448?
7
Let v be (-408)/36 - (-3 - -1)/6. Let q be (v/(-33))/(2/66). What is the greatest common divisor of q and 11?
11
Suppose 39 = 4*x - 25. Suppose -16*a = 19*a - 2800. Calculate the greatest common factor of x and a.
16
Let w(n) = -n - 17. Let j be w(11). Let r = j - -215. What is the highest common divisor of r and 22?
11
Suppose -o + 2*k + 24 = 0, -3*o - 5 = 3*k - 77. Let y be 3244/8 + 28/8 + -2. Let w be -2*(-6)/o - y/(-2). Calculate the greatest common divisor of w and 12.
12
Let q be (-36)/(-8) - (-12 + 6435/(-18)). Calculate the highest common divisor of q and 14025.
187
Suppose 0 = -2*o + 8, 0 = 5*r + 3*o + 2*o - 65. Suppose -3 - 7 = -5*g. Let f = g + 25. Calculate the highest common divisor of f and r.
9
Suppose 37*v + 370 = 39*v. Suppose 5*x + v = 4*z, 0*x = -3*x + 9. What is the highest common factor of z and 175?
25
Let f(x) = x**3 - 14*x**2 + 3*x - 39. Let u be f(14). Calculate the greatest common factor of 11 and u.
1
Let d be (-6)/(-21) - (6 - (-72)/7). Let s be 48*(-1)/(-6 + d/(-4)). What is the highest common factor of 184 and s?
8
Let q(u) = u**2 + 23*u - 105. Let l be q(-28). What is the greatest common factor of 63 and l?
7
Suppose 3*n + 0*n - 27 = 0. Let m(h) = -h + 32. Let i be m(n). Calculate the greatest common divisor of i and 138.
23
Let t = 259 - 239. Let n be 2*(5/t*4 - -3). Let f(g) = -31*g + 4. Let m be f(-4). What is the greatest common factor of n and m?
8
Let k = 51 + -28. Suppose -c - g - 4*g = -k, -5*g - 175 = -5*c. Suppose 0 = 7*b - 10*b + c. Calculate the greatest common divisor of b and 99.
11
Suppose 4*n = t - 17, 3*t + 3*n = -n - 13. Suppose 4*y + 25 = t. Let w be (28/(-6))/(-2*(-2)/y). Calculate the highest common factor of 56 and w.
7
Suppose -3*k - 2*y = -5, 0*k - 5*y = 4*k + 5. Suppose 4*g - 16 = 2*u + 34, g - 4*u = -5. Calculate the highest common divisor of g and k.
5
Let a be (11 - 13) + -1*(-12)/3. Suppose 227 = 3*y - u, -u = -3*y + a*u + 219. What is the greatest common divisor of y and 22?
11
Suppose 0*j - 3*j + 12 = -4*x, -37 = -5*j + x. Let p(h) = -6*h - 21. Let z be p(-5). Suppose -7*o + 1408 = z*o. What is the highest common divisor of o and j?
8
Let w be 2 - (-2025)/100*(1 + 11)*1. Suppose 170 = 2*f - 26. What is the greatest common factor of f and w?
49
Suppose -12*d - 3*d = -18*d + 22224. What is the greatest common factor of d and 48?
16
Let m be ((-37)/((-888)/(-150)))/((-5)/24). What is the highest common divisor of m and 11230?
10
Let j(u) = 6*u**2 - 68*u - 40. Let x be j(15). Calculate the highest common factor of 58 and x.
58
Let x be (4*72)/((-2)/(-7) - (-135)/(-693)). Calculate the highest common divisor of 48 and x.
48
Let v be 8*(5 + 27/(-6)). Suppose y - b = -v*b + 27, 11 = y - b. Calculate the highest common factor of 10 and y.
5
Let o be -2 - 880/(-70) - (-8)/(-14). Let a be 29/(-145) + 3/o*44. Let x = 31 - 18. Calculate the highest common divisor of a and x.
13
Suppose 0 = -43*q + 63*q - 30100. Calculate the greatest common divisor of 86 and q.
43
Suppose 31*k = 36*k - 85. Suppose -14*y - 288 = -k*y. Calculate the greatest common factor of 64 and y.
32
Let n(d) = 12*d - 84. Let m be n(7). Suppose -r = c - 275, m = -c - 2*r + 119 + 151. What is the highest common divisor of 80 and c?
40
Suppose -2*q = 3*q - 40. Suppose -5*g - 33*b + 32*b = -523, 5*g = -4*b + 532. What is the highest common divisor of q and g?
8
Let i be (324/216)/(2 - (-22)/(-8)) - -1013. What is the highest common divisor of 6 and i?
3
Let j = 32 + -14. Let t be (3 + (-105)/33)/(40/(-880)). Calculate the highest common factor of t and j.
2
Let z(r) = r**2 - 18*r + 37. Let n = -39 - -56. Let v be z(n). Suppose -4*f = -5*d + 4, 6*d + f - v = 2*d. Calculate the highest common factor of 32 and d.
4
Let k(p) = -p**3 + 11*p**2 + 14*p. Let f = 3 + 13. Let i = f - 4. Let u be k(i). Calculate the highest common factor of u and 36.
12
Let j(z) = -19*z + 177. Let f be j(9). Let x be (48/18)/(4/f). Suppose 4*c + c - 180 = 0. What is the highest common divisor of x and c?
4
Suppose -6630 = -21*u - 13*u. What is the highest common divisor of u and 52?
13
Suppose 3780 = -2134*v + 2143*v. What is the highest common factor of 660 and v?
60
Suppose 2*n + 31 - 13 = 0. Suppose l - 2*l + 3*q = -9, 3*l + q = -13. Let g be 0 + -3 + 31 - n/l. What is the greatest common divisor of 10 and g?
5
Let n = -125 + 155. Let x be ((-200)/n)/(((-2)/(-9))/(-2)). What is the greatest common divisor of x and 300?
60
Suppose 0 = -o - 4*w + 103, 4*o - 198*w = -193*w + 349. What is the greatest common factor of 945 and o?
7
Suppose 3*k + 9 = 0, 2*k + 21 = j - 741. Calculate the highest common factor of j and 112.
28
Suppose 0 = -5*v - 7 + 112. Let r = v - 6. Suppose 5*n = -11*n + 240. Calculate the highest common divisor of r and n.
15
Suppose -2*y + 48 = 10*y. Let f = 220 + -204. Calculate the greatest common divisor of y and f.
4
Let f = 2801 - 1685. Calculate the greatest common factor of f and 216.
36
Let h(z) = -z - 25. Let k be h(7). Let p = k + 39. What is the greatest common factor of 392 and p?
7
Suppose -2*y - 2*i = -48, -3*y + 45*i + 51 = 41*i. What is the highest common divisor of 20181 and y?
21
Suppose -3*b - 3*j - 1673 = -7*b, 3*b - 1261 = j. Let v = 614 - b. What is the greatest common factor of v and 48?
48
Let l(y) = -7*y + 44. Suppose 6*z - 7*z = -0*z. Let g be l(z). Calculate the greatest common factor of g and 4.
4
Let g be (-1)/(-39)*2022 - (3 - (-41)/(-13)). What is the greatest common factor of g and 3146?
26
Suppose 897 = 4*r - 3*o, 3*r + 2*o - o - 663 = 0. Let m = -214 + r. Calculate the highest common divisor of m and 136.
8
Suppose 0 = -0*l - 11*l + 1311 + 2440. What is the greatest common divisor of 620 and l?
31
Let n = 8315 - 5771. What is the greatest common divisor of 48 and n?
48
Suppose 3*q - 37 = 422. Let y = 96 - 58. Let n = y - 21. What is the highest common divisor of q and n?
17
Suppose -729*i - 286 - 2234 = -765*i. Suppose -2 = 3*v - 122. Calculate the highest common divisor of i and v.
10
Suppose 18*l + 3*l + 4*l - 800 = 0. Let p = -6 - -8. Suppose 17 = 4*q + 3*x, -5*x = 4*q - p*q + 9. What is the highest common factor of q and l?
8
Suppose -3*v + 5*b = 4, -10*b = v - 8*b - 6. Suppose -41 - 739 = -v*q. What is the greatest common factor of q and 30?
30
Suppose 6*n + 6880 = 10*n + 4*l, -4*n + 5*l = -6844. Suppose 49*w = 10*w + n. What is the highest common divisor of w and 4?
4
Let s = 4519 - 3297. Calculate the highest common divisor of s and 26.
26
Let g be (-320)/(-25) - 1/(-5). Let j(y) = -y + 7. Let p be j(g). Let s(h) = h**2 - 6*h. Let q be s(p). Calculate the highest common divisor of q and 9.
9
Let d(j) = 16116*j + 5. Let t be d(1). What is the greatest common divisor of 94 and t?
47
Let k = 823 - 831. Let y be (k - -161)/9*30. Calculate the greatest common divisor of y and 10.
10
Let f = -206 + 146. Let r = -43 - f. Let y = 21 - r. What is the highest common factor of y and 24?
4
Suppose -903 - 8076 - 24501 = -27*d. What is the highest common divisor of d and 20?
20
Let q(c) = c**3 + 7*c**2 - 3. Let w be q(-5). Suppose 1178*n = 1195*n - 799. Calculate the greatest common divisor of n and